{"id":266,"date":"2014-06-04T15:48:01","date_gmt":"2014-06-04T14:48:01","guid":{"rendered":"http:\/\/palmeralelx.umh.es\/?page_id=266"},"modified":"2014-06-04T15:50:18","modified_gmt":"2014-06-04T14:50:18","slug":"palmeras-del-se-espanol-tipologia-y-especificidad-concepcion-obon","status":"publish","type":"page","link":"https:\/\/palmeralelx.umh.es\/ca\/jornada-el-palmeral-ilicitano-presente-y-futuro\/palmeras-del-se-espanol-tipologia-y-especificidad-concepcion-obon\/","title":{"rendered":"<span lang=\"es\">(Espa\u00f1ol) Palmeras del SE espa\u00f1ol: tipolog\u00eda y especificidad. Concepci\u00f3n Ob\u00f3n<\/span>"},"content":{"rendered":"<p class=\"qtranxs-available-languages-message qtranxs-available-languages-message-ca\">Ho sentim, aquesta entrada es troba disponible \u00fanicament en <a href=\"https:\/\/palmeralelx.umh.es\/es\/wp-json\/wp\/v2\/pages\/266\" class=\"qtranxs-available-language-link qtranxs-available-language-link-es\" title=\"Espa\u00f1ol\">Espanyol Europeu<\/a>.<\/p>","protected":false},"excerpt":{"rendered":"<p>Ho sentim, aquesta entrada es troba disponible \u00fanicament en Espanyol Europeu.<\/p>\n","protected":false},"author":192,"featured_media":0,"parent":63,"menu_order":2,"comment_status":"closed","ping_status":"open","template":"","meta":{"ngg_post_thumbnail":0,"_links_to":"","_links_to_target":""},"_links":{"self":[{"href":"https:\/\/palmeralelx.umh.es\/ca\/wp-json\/wp\/v2\/pages\/266"}],"collection":[{"href":"https:\/\/palmeralelx.umh.es\/ca\/wp-json\/wp\/v2\/pages"}],"about":[{"href":"https:\/\/palmeralelx.umh.es\/ca\/wp-json\/wp\/v2\/types\/page"}],"author":[{"embeddable":true,"href":"https:\/\/palmeralelx.umh.es\/ca\/wp-json\/wp\/v2\/users\/192"}],"replies":[{"embeddable":true,"href":"https:\/\/palmeralelx.umh.es\/ca\/wp-json\/wp\/v2\/comments?post=266"}],"version-history":[{"count":0,"href":"https:\/\/palmeralelx.umh.es\/ca\/wp-json\/wp\/v2\/pages\/266\/revisions"}],"up":[{"embeddable":true,"href":"https:\/\/palmeralelx.umh.es\/ca\/wp-json\/wp\/v2\/pages\/63"}],"wp:attachment":[{"href":"https:\/\/palmeralelx.umh.es\/ca\/wp-json\/wp\/v2\/media?parent=266"}],"curies":[{"name":"wp","href":"https:\/\/api.w.org\/{rel}","templated":true}]}}

<span lang="es">(Español) Palmeras del SE español: tipología y especificidad. Concepción Obón</span>

<p class="qtranxs-available-languages-message qtranxs-available-languages-message-ca">Ho sentim, aquesta entrada es troba disponible únicament en <a href="https://palmeralelx.umh.es/es/wp-json/wp/v2/pages/266" class="qtranxs-available-language-link qtranxs-available-language-link-es" title="Español">Espanyol Europeu</a>.</p>

<p>Ho sentim, aquesta entrada es troba disponible únicament en Espanyol Europeu.</p>
