{"id":82,"date":"2014-04-25T09:31:33","date_gmt":"2014-04-25T08:31:33","guid":{"rendered":"http:\/\/palmeralelx.umh.es\/?page_id=82"},"modified":"2014-05-12T19:31:01","modified_gmt":"2014-05-12T18:31:01","slug":"lucha-activa-contra-el-picudo-ii-ensayos-con-microcapsulas-polimericas-en-pintura-tecnologia-inesfly","status":"publish","type":"page","link":"https:\/\/palmeralelx.umh.es\/en\/trabajos-catedra-2\/lucha-activa-contra-el-picudo-ii-ensayos-con-microcapsulas-polimericas-en-pintura-tecnologia-inesfly\/","title":{"rendered":"<span lang=\"es\">(Espa\u00f1ol) 3. Lucha activa contra el picudo: Ensayos con microc\u00e1psulas polim\u00e9ricas en pintura, tecnolog\u00eda INESFLY<\/span>"},"content":{"rendered":"<p class=\"qtranxs-available-languages-message qtranxs-available-languages-message-en\">Sorry, this entry is only available in <a href=\"https:\/\/palmeralelx.umh.es\/es\/wp-json\/wp\/v2\/pages\/82\" class=\"qtranxs-available-language-link qtranxs-available-language-link-es\" title=\"Espa\u00f1ol\">European Spanish<\/a>.<\/p>","protected":false},"excerpt":{"rendered":"<p>Sorry, this entry is only available in European Spanish.<\/p>\n","protected":false},"author":192,"featured_media":0,"parent":79,"menu_order":1,"comment_status":"closed","ping_status":"closed","template":"","meta":{"ngg_post_thumbnail":0,"_links_to":"","_links_to_target":""},"_links":{"self":[{"href":"https:\/\/palmeralelx.umh.es\/en\/wp-json\/wp\/v2\/pages\/82"}],"collection":[{"href":"https:\/\/palmeralelx.umh.es\/en\/wp-json\/wp\/v2\/pages"}],"about":[{"href":"https:\/\/palmeralelx.umh.es\/en\/wp-json\/wp\/v2\/types\/page"}],"author":[{"embeddable":true,"href":"https:\/\/palmeralelx.umh.es\/en\/wp-json\/wp\/v2\/users\/192"}],"replies":[{"embeddable":true,"href":"https:\/\/palmeralelx.umh.es\/en\/wp-json\/wp\/v2\/comments?post=82"}],"version-history":[{"count":0,"href":"https:\/\/palmeralelx.umh.es\/en\/wp-json\/wp\/v2\/pages\/82\/revisions"}],"up":[{"embeddable":true,"href":"https:\/\/palmeralelx.umh.es\/en\/wp-json\/wp\/v2\/pages\/79"}],"wp:attachment":[{"href":"https:\/\/palmeralelx.umh.es\/en\/wp-json\/wp\/v2\/media?parent=82"}],"curies":[{"name":"wp","href":"https:\/\/api.w.org\/{rel}","templated":true}]}}

<span lang="es">(Español) 3. Lucha activa contra el picudo: Ensayos con microcápsulas poliméricas en pintura, tecnología INESFLY</span>

<p class="qtranxs-available-languages-message qtranxs-available-languages-message-en">Sorry, this entry is only available in <a href="https://palmeralelx.umh.es/es/wp-json/wp/v2/pages/82" class="qtranxs-available-language-link qtranxs-available-language-link-es" title="Español">European Spanish</a>.</p>
